{"id":119,"date":"2024-04-05T11:39:53","date_gmt":"2024-04-05T09:39:53","guid":{"rendered":"https:\/\/n.gewerbe-oberamt.ch\/index.php\/directory-gewerbeverei\/listing\/r-kuenzi-schreinerei-gmbh\/"},"modified":"2026-04-01T11:13:58","modified_gmt":"2026-04-01T09:13:58","slug":"r-kuenzi-schreinerei-gmbh","status":"publish","type":"gewerbeverei_dir_ltg","link":"https:\/\/n.gewerbe-oberamt.ch\/index.php\/test\/listing\/r-kuenzi-schreinerei-gmbh\/","title":{"rendered":"R. K\u00fcnzi Schreinerei GmbH"},"author":0,"comment_status":"open","ping_status":"closed","template":"","gewerbeverei_dir_cat":[14,18],"gewerbeverei_dir_tag":[],"gewerbeverei_loc_loc":[],"class_list":["post-119","gewerbeverei_dir_ltg","type-gewerbeverei_dir_ltg","status-publish","hentry","gewerbeverei_dir_cat-holzarbeiten","gewerbeverei_dir_cat-wohnen-haushalt"],"drts_fields":{"field_phone":["044 768 20 60"],"field_email":["kuenzi@naturbetten.ch"],"field_website":["https:\/\/www.naturbetten.ch"],"field_opening_hours":[],"field_date_established":[],"location_address":[{"address":"D\u00f6rflistrasse 7 8933 Maschwanden Schweiz","street":"D\u00f6rflistrasse 7","street2":"","city":"Maschwanden","province":"Z\u00fcrich","zip":"8933","country":"CH","timezone":"Europe\/Zurich","zoom":10,"lat":47.23480299999999942883732728660106658935546875,"lng":8.43229099999999931469574221409857273101806640625,"term_id":0,"display_address":"D\u00f6rflistrasse 7, 8933 Maschwanden, Schweiz"}],"field_mobilnummer":["079 246 60 35"],"field_schwerpunkt":["Schreinerei und H\u00fcsler Nest Vertretung"],"field_aemtlerbon":["Nein"],"field_lehrbetrieb":["Nein"],"field_feautures":[],"field_adresse_test":[]},"_links":{"self":[{"href":"https:\/\/n.gewerbe-oberamt.ch\/index.php\/wp-json\/wp\/v2\/gewerbeverei_dir_ltg\/119","targetHints":{"allow":["GET"]}}],"collection":[{"href":"https:\/\/n.gewerbe-oberamt.ch\/index.php\/wp-json\/wp\/v2\/gewerbeverei_dir_ltg"}],"about":[{"href":"https:\/\/n.gewerbe-oberamt.ch\/index.php\/wp-json\/wp\/v2\/types\/gewerbeverei_dir_ltg"}],"replies":[{"embeddable":true,"href":"https:\/\/n.gewerbe-oberamt.ch\/index.php\/wp-json\/wp\/v2\/comments?post=119"}],"wp:attachment":[{"href":"https:\/\/n.gewerbe-oberamt.ch\/index.php\/wp-json\/wp\/v2\/media?parent=119"}],"wp:term":[{"taxonomy":"gewerbeverei_dir_cat","embeddable":true,"href":"https:\/\/n.gewerbe-oberamt.ch\/index.php\/wp-json\/wp\/v2\/gewerbeverei_dir_cat?post=119"},{"taxonomy":"gewerbeverei_dir_tag","embeddable":true,"href":"https:\/\/n.gewerbe-oberamt.ch\/index.php\/wp-json\/wp\/v2\/gewerbeverei_dir_tag?post=119"},{"taxonomy":"gewerbeverei_loc_loc","embeddable":true,"href":"https:\/\/n.gewerbe-oberamt.ch\/index.php\/wp-json\/wp\/v2\/gewerbeverei_loc_loc?post=119"}],"curies":[{"name":"wp","href":"https:\/\/api.w.org\/{rel}","templated":true}]}}

R. Künzi Schreinerei GmbH

Dörflistrasse 7 8933 Maschwanden Schweiz

Dörflistrasse 7

Zürich

Dörflistrasse 7, 8933 Maschwanden, Schweiz

Schreinerei und Hüsler Nest Vertretung
