{"id":121,"date":"2024-04-05T11:39:54","date_gmt":"2024-04-05T09:39:54","guid":{"rendered":"https:\/\/n.gewerbe-oberamt.ch\/index.php\/directory-gewerbeverei\/listing\/raumgefuehl\/"},"modified":"2026-04-01T11:13:58","modified_gmt":"2026-04-01T09:13:58","slug":"raumgefuehl","status":"publish","type":"gewerbeverei_dir_ltg","link":"https:\/\/n.gewerbe-oberamt.ch\/index.php\/test\/listing\/raumgefuehl\/","title":{"rendered":"Raumgef\u00fchl"},"author":0,"comment_status":"open","ping_status":"closed","template":"","gewerbeverei_dir_cat":[7,18],"gewerbeverei_dir_tag":[],"gewerbeverei_loc_loc":[],"class_list":["post-121","gewerbeverei_dir_ltg","type-gewerbeverei_dir_ltg","status-publish","hentry","gewerbeverei_dir_cat-dienstleistung-allgemein","gewerbeverei_dir_cat-wohnen-haushalt"],"drts_fields":{"field_phone":["079 261 10 89"],"field_email":["info@raumgefuehl.ch"],"field_website":["https:\/\/www.raumgefuehl.ch"],"field_opening_hours":[],"field_date_established":[],"location_address":[{"address":"Zur M\u00fchle 2 8926 Kappel am Albis Schweiz","street":"Zur M\u00fchle 2","street2":"","city":"Kappel am Albis","province":"Z\u00fcrich","zip":"8926","country":"CH","timezone":"Europe\/Zurich","zoom":10,"lat":47.22356599999999815508999745361506938934326171875,"lng":8.51253799999999927194949123077094554901123046875,"term_id":0,"display_address":"Zur M\u00fchle 2, 8926 Kappel am Albis, Schweiz"}],"field_mobilnummer":[],"field_schwerpunkt":[],"field_aemtlerbon":["Nein"],"field_lehrbetrieb":["Nein"],"field_feautures":[],"field_adresse_test":[]},"_links":{"self":[{"href":"https:\/\/n.gewerbe-oberamt.ch\/index.php\/wp-json\/wp\/v2\/gewerbeverei_dir_ltg\/121","targetHints":{"allow":["GET"]}}],"collection":[{"href":"https:\/\/n.gewerbe-oberamt.ch\/index.php\/wp-json\/wp\/v2\/gewerbeverei_dir_ltg"}],"about":[{"href":"https:\/\/n.gewerbe-oberamt.ch\/index.php\/wp-json\/wp\/v2\/types\/gewerbeverei_dir_ltg"}],"replies":[{"embeddable":true,"href":"https:\/\/n.gewerbe-oberamt.ch\/index.php\/wp-json\/wp\/v2\/comments?post=121"}],"wp:attachment":[{"href":"https:\/\/n.gewerbe-oberamt.ch\/index.php\/wp-json\/wp\/v2\/media?parent=121"}],"wp:term":[{"taxonomy":"gewerbeverei_dir_cat","embeddable":true,"href":"https:\/\/n.gewerbe-oberamt.ch\/index.php\/wp-json\/wp\/v2\/gewerbeverei_dir_cat?post=121"},{"taxonomy":"gewerbeverei_dir_tag","embeddable":true,"href":"https:\/\/n.gewerbe-oberamt.ch\/index.php\/wp-json\/wp\/v2\/gewerbeverei_dir_tag?post=121"},{"taxonomy":"gewerbeverei_loc_loc","embeddable":true,"href":"https:\/\/n.gewerbe-oberamt.ch\/index.php\/wp-json\/wp\/v2\/gewerbeverei_loc_loc?post=121"}],"curies":[{"name":"wp","href":"https:\/\/api.w.org\/{rel}","templated":true}]}}

Raumgefühl

Zur Mühle 2 8926 Kappel am Albis Schweiz

Zur Mühle 2

Zürich

Zur Mühle 2, 8926 Kappel am Albis, Schweiz
