{"id":39,"date":"2024-04-05T11:38:58","date_gmt":"2024-04-05T09:38:58","guid":{"rendered":"https:\/\/n.gewerbe-oberamt.ch\/index.php\/directory-gewerbeverei\/listing\/baer-bau-ag\/"},"modified":"2026-04-01T11:13:33","modified_gmt":"2026-04-01T09:13:33","slug":"baer-bau-ag","status":"publish","type":"gewerbeverei_dir_ltg","link":"https:\/\/n.gewerbe-oberamt.ch\/index.php\/test\/listing\/baer-bau-ag\/","title":{"rendered":"B\u00e4r Bau AG"},"author":0,"comment_status":"open","ping_status":"closed","template":"","gewerbeverei_dir_cat":[4],"gewerbeverei_dir_tag":[],"gewerbeverei_loc_loc":[],"class_list":["post-39","gewerbeverei_dir_ltg","type-gewerbeverei_dir_ltg","status-publish","hentry","gewerbeverei_dir_cat-baugewerbe-bauleitungen"],"drts_fields":{"field_phone":["044 764 11 47"],"field_email":["info@baerbau.ch"],"field_website":["https:\/\/www.baerbau.ch"],"field_opening_hours":[],"field_date_established":[],"location_address":[{"address":"B\u00fcelstrasse 2 8926 Hauptikon Schweiz","street":"B\u00fcelstrasse 2","street2":"","city":"Hauptikon","province":"Z\u00fcrich","zip":"8926","country":"CH","timezone":"Europe\/Zurich","zoom":10,"lat":47.22998199999999968667907523922622203826904296875,"lng":8.4964729999999999421333995996974408626556396484375,"term_id":0,"display_address":"B\u00fcelstrasse 2, 8926 Hauptikon, Schweiz"}],"field_mobilnummer":[],"field_schwerpunkt":["Aushub\/Tiefbau\/Muldentaxi"],"field_aemtlerbon":["Nein"],"field_lehrbetrieb":["Nein"],"field_feautures":[],"field_adresse_test":[]},"_links":{"self":[{"href":"https:\/\/n.gewerbe-oberamt.ch\/index.php\/wp-json\/wp\/v2\/gewerbeverei_dir_ltg\/39","targetHints":{"allow":["GET"]}}],"collection":[{"href":"https:\/\/n.gewerbe-oberamt.ch\/index.php\/wp-json\/wp\/v2\/gewerbeverei_dir_ltg"}],"about":[{"href":"https:\/\/n.gewerbe-oberamt.ch\/index.php\/wp-json\/wp\/v2\/types\/gewerbeverei_dir_ltg"}],"replies":[{"embeddable":true,"href":"https:\/\/n.gewerbe-oberamt.ch\/index.php\/wp-json\/wp\/v2\/comments?post=39"}],"wp:attachment":[{"href":"https:\/\/n.gewerbe-oberamt.ch\/index.php\/wp-json\/wp\/v2\/media?parent=39"}],"wp:term":[{"taxonomy":"gewerbeverei_dir_cat","embeddable":true,"href":"https:\/\/n.gewerbe-oberamt.ch\/index.php\/wp-json\/wp\/v2\/gewerbeverei_dir_cat?post=39"},{"taxonomy":"gewerbeverei_dir_tag","embeddable":true,"href":"https:\/\/n.gewerbe-oberamt.ch\/index.php\/wp-json\/wp\/v2\/gewerbeverei_dir_tag?post=39"},{"taxonomy":"gewerbeverei_loc_loc","embeddable":true,"href":"https:\/\/n.gewerbe-oberamt.ch\/index.php\/wp-json\/wp\/v2\/gewerbeverei_loc_loc?post=39"}],"curies":[{"name":"wp","href":"https:\/\/api.w.org\/{rel}","templated":true}]}}

Bär Bau AG

Büelstrasse 2 8926 Hauptikon Schweiz

Büelstrasse 2

Zürich

Büelstrasse 2, 8926 Hauptikon, Schweiz
