{"id":67,"date":"2024-04-05T11:39:18","date_gmt":"2024-04-05T09:39:18","guid":{"rendered":"https:\/\/n.gewerbe-oberamt.ch\/index.php\/directory-gewerbeverei\/listing\/eventundwerken-ch-gmbh\/"},"modified":"2026-04-01T11:13:41","modified_gmt":"2026-04-01T09:13:41","slug":"eventundwerken-ch-gmbh","status":"publish","type":"gewerbeverei_dir_ltg","link":"https:\/\/n.gewerbe-oberamt.ch\/index.php\/test\/listing\/eventundwerken-ch-gmbh\/","title":{"rendered":"eventundwerken.ch gmbh"},"author":0,"comment_status":"open","ping_status":"closed","template":"","gewerbeverei_dir_cat":[6,11],"gewerbeverei_dir_tag":[],"gewerbeverei_loc_loc":[],"class_list":["post-67","gewerbeverei_dir_ltg","type-gewerbeverei_dir_ltg","status-publish","hentry","gewerbeverei_dir_cat-detailhandel","gewerbeverei_dir_cat-gastronomie-unterhaltung-event"],"drts_fields":{"field_phone":["079 297 38 20"],"field_email":["eventundwerken@gmail.com"],"field_website":["https:\/\/www.eventundwerken.ch"],"field_opening_hours":[],"field_date_established":[],"location_address":[{"address":"T\u00fcrlen 8 8915 Hausen am Albis Schweiz","street":"T\u00fcrlen 8","street2":"","city":"Hausen am Albis","province":"Z\u00fcrich","zip":"8915","country":"CH","timezone":"Europe\/Zurich","zoom":12,"lat":47.26780500000000273530531558208167552947998046875,"lng":8.51292600000000021509549696929752826690673828125,"term_id":0,"display_address":"T\u00fcrlen 8, 8915 Hausen am Albis, Schweiz"}],"field_mobilnummer":["079 305 44 84"],"field_schwerpunkt":["Import und Verkauf von Kanada Wirldfleisch \/ Eventlokal bis 88 Pers. mit eigenem Catering"],"field_aemtlerbon":["Nein"],"field_lehrbetrieb":["Nein"],"field_feautures":[],"field_adresse_test":[]},"_links":{"self":[{"href":"https:\/\/n.gewerbe-oberamt.ch\/index.php\/wp-json\/wp\/v2\/gewerbeverei_dir_ltg\/67","targetHints":{"allow":["GET"]}}],"collection":[{"href":"https:\/\/n.gewerbe-oberamt.ch\/index.php\/wp-json\/wp\/v2\/gewerbeverei_dir_ltg"}],"about":[{"href":"https:\/\/n.gewerbe-oberamt.ch\/index.php\/wp-json\/wp\/v2\/types\/gewerbeverei_dir_ltg"}],"replies":[{"embeddable":true,"href":"https:\/\/n.gewerbe-oberamt.ch\/index.php\/wp-json\/wp\/v2\/comments?post=67"}],"wp:attachment":[{"href":"https:\/\/n.gewerbe-oberamt.ch\/index.php\/wp-json\/wp\/v2\/media?parent=67"}],"wp:term":[{"taxonomy":"gewerbeverei_dir_cat","embeddable":true,"href":"https:\/\/n.gewerbe-oberamt.ch\/index.php\/wp-json\/wp\/v2\/gewerbeverei_dir_cat?post=67"},{"taxonomy":"gewerbeverei_dir_tag","embeddable":true,"href":"https:\/\/n.gewerbe-oberamt.ch\/index.php\/wp-json\/wp\/v2\/gewerbeverei_dir_tag?post=67"},{"taxonomy":"gewerbeverei_loc_loc","embeddable":true,"href":"https:\/\/n.gewerbe-oberamt.ch\/index.php\/wp-json\/wp\/v2\/gewerbeverei_loc_loc?post=67"}],"curies":[{"name":"wp","href":"https:\/\/api.w.org\/{rel}","templated":true}]}}

Türlen 8 8915 Hausen am Albis Schweiz

Türlen 8

Zürich

Türlen 8, 8915 Hausen am Albis, Schweiz
